{"id":7,"date":"2025-08-11T16:56:26","date_gmt":"2025-08-11T14:56:26","guid":{"rendered":"https:\/\/cherasse.com\/?page_id=7"},"modified":"2026-02-18T16:19:39","modified_gmt":"2026-02-18T14:19:39","slug":"bienvenue","status":"publish","type":"page","link":"https:\/\/cherasse.com\/","title":{"rendered":"Bienvenue"},"content":{"rendered":"\n<p>Ceci est le site de Daniel CHERASSE qui souhaite qu&rsquo;il devienne celui des CHERASSE.<\/p>\n\n\n\n<p>Porter le m\u00eame PATRONYME, ce n&rsquo;est pas rien !<\/p>\n\n\n\n<p>Nous sommes peu nombreux \u00e0 porter ce nom : environ 500.<\/p>\n\n\n\n<p>Certes, il existe des noms de famille tr\u00e8s voisins et venant aussi de notre r\u00e9gion d&rsquo;origine, le centre de la France : CHARASSE, CHARRAS&#8230;<\/p>\n\n\n\n<p>Quels sont les buts de ce site ?<\/p>\n\n\n\n<p>&#8211; mieux se conna\u00eetre,<\/p>\n\n\n\n<p>&#8211; \u00e9changer,<\/p>\n\n\n\n<p>&#8211; communiquer nos arbres g\u00e9n\u00e9alogiques,<\/p>\n\n\n\n<h1 class=\"wp-block-heading\">&#8211; et, pourquoi pas&#8230; organiser des retrouvailles pour ceux qui le souhaiteraient.<\/h1>\n\n\n\n<p><strong>Ce site sera vivant dans la mesure o\u00f9 chacun de vous pourra l&rsquo;enrichir&nbsp;&nbsp;!<\/strong><\/p>\n\n\n\n<p>Faites-le savoir aux membres de votre famille\u00a0susceptibles d&rsquo;\u00eatre int\u00e9ress\u00e9s.<\/p>\n\n\n\n<figure class=\"wp-block-image size-full\"><img loading=\"lazy\" decoding=\"async\" width=\"1024\" height=\"768\" src=\"https:\/\/cherasse.com\/wp-content\/uploads\/2025\/10\/thionne-le-centre-bourg-a-ete-devaste-par-la-lorage-de-grele-du-21-juin-1024x768-1.jpg\" alt=\"\" class=\"wp-image-23\" srcset=\"https:\/\/cherasse.com\/wp-content\/uploads\/2025\/10\/thionne-le-centre-bourg-a-ete-devaste-par-la-lorage-de-grele-du-21-juin-1024x768-1.jpg 1024w, https:\/\/cherasse.com\/wp-content\/uploads\/2025\/10\/thionne-le-centre-bourg-a-ete-devaste-par-la-lorage-de-grele-du-21-juin-1024x768-1-300x225.jpg 300w, https:\/\/cherasse.com\/wp-content\/uploads\/2025\/10\/thionne-le-centre-bourg-a-ete-devaste-par-la-lorage-de-grele-du-21-juin-1024x768-1-768x576.jpg 768w\" sizes=\"auto, (max-width: 1024px) 100vw, 1024px\" \/><\/figure>\n\n\n\n<p><\/p>\n","protected":false},"excerpt":{"rendered":"<p>Ceci est le site de Daniel CHERASSE qui souhaite qu&rsquo;il devienne celui des CHERASSE. Porter le m\u00eame PATRONYME, ce n&rsquo;est pas rien ! Nous sommes peu nombreux \u00e0 porter ce nom : environ 500. Certes, il existe des noms de famille tr\u00e8s voisins et venant aussi de notre r\u00e9gion d&rsquo;origine, le centre de la France &#8230; <a title=\"Bienvenue\" class=\"read-more\" href=\"https:\/\/cherasse.com\/\" aria-label=\"En savoir plus sur Bienvenue\">Lire la suite<\/a><\/p>\n","protected":false},"author":1,"featured_media":0,"parent":0,"menu_order":0,"comment_status":"closed","ping_status":"closed","template":"","meta":{"footnotes":""},"class_list":["post-7","page","type-page","status-publish"],"_links":{"self":[{"href":"https:\/\/cherasse.com\/index.php\/wp-json\/wp\/v2\/pages\/7","targetHints":{"allow":["GET"]}}],"collection":[{"href":"https:\/\/cherasse.com\/index.php\/wp-json\/wp\/v2\/pages"}],"about":[{"href":"https:\/\/cherasse.com\/index.php\/wp-json\/wp\/v2\/types\/page"}],"author":[{"embeddable":true,"href":"https:\/\/cherasse.com\/index.php\/wp-json\/wp\/v2\/users\/1"}],"replies":[{"embeddable":true,"href":"https:\/\/cherasse.com\/index.php\/wp-json\/wp\/v2\/comments?post=7"}],"version-history":[{"count":5,"href":"https:\/\/cherasse.com\/index.php\/wp-json\/wp\/v2\/pages\/7\/revisions"}],"predecessor-version":[{"id":93,"href":"https:\/\/cherasse.com\/index.php\/wp-json\/wp\/v2\/pages\/7\/revisions\/93"}],"wp:attachment":[{"href":"https:\/\/cherasse.com\/index.php\/wp-json\/wp\/v2\/media?parent=7"}],"curies":[{"name":"wp","href":"https:\/\/api.w.org\/{rel}","templated":true}]}}